lse
Is 83 a factor of 1568183?
False
Is 71 a factor of 355581?
False
Does 11 divide 3286178?
False
Does 70 divide 13408?
False
Is 31 a factor of 182125?
True
Does 502 divide 1749664?
False
Is 7 a factor of 548891?
True
Is 16548354 a multiple of 54?
True
Is 343 a factor of 508272?
False
Is 185250 a multiple of 130?
True
Is 149 a factor of 244807?
True
Does 545 divide 1515645?
True
Does 443 divide 16526828?
False
Is 154712 a multiple of 8?
True
Does 40 divide 388078?
False
Is 307184 a multiple of 16?
True
Is 1814136 a multiple of 12?
True
Does 86 divide 116186?
True
Does 66 divide 1935648?
True
Is 15 a factor of 3022783?
False
Is 5 a factor of 1326015?
True
Does 902 divide 8380274?
False
Is 1795280 a multiple of 107?
False
Does 30 divide 231420?
True
Does 10 divide 128474?
False
Is 38 a factor of 375224?
False
Does 505 divide 3588530?
True
Is 221 a factor of 758030?
True
Is 2692352 a multiple of 13?
True
Is 1223640 a multiple of 132?
True
Does 46 divide 26070592?
True
Does 362 divide 213338?
False
Does 598 divide 31429086?
True
Is 21 a factor of 23186?
False
Is 29 a factor of 73477?
False
Does 30 divide 13981447?
False
Does 11 divide 63954?
True
Is 167 a factor of 1275491?
False
Does 22 divide 25649?
False
Is 510679 a multiple of 1078?
False
Is 210 a factor of 46748?
False
Is 531930 a multiple of 51?
True
Is 5628528 a multiple of 416?
False
Is 195868 a multiple of 23?
True
Is 2016159 a multiple of 237?
True
Does 33 divide 108518?
False
Is 352 a factor of 1305874?
False
Does 23 divide 1947977?
False
Is 270 a factor of 706590?
True
Is 21902 a multiple of 3?
False
Is 95219 a multiple of 275?
False
Does 73 divide 1241876?
True
Is 30 a factor of 6473028?
False
Is 664212 a multiple of 12?
True
Is 17 a factor of 363113?
False
Is 468 a factor of 23141837?
False
Is 407984 a multiple of 8?
True
Is 113 a factor of 1270035?
False
Does 37 divide 6703068?
True
Is 102 a factor of 27948?
True
Is 184 a factor of 764888?
True
Does 18 divide 524841?
False
Is 42 a factor of 283290?
True
Is 435265 a multiple of 17?
False
Is 68460 a multiple of 10?
True
Is 4346073 a multiple of 11?
False
Does 15 divide 185349?
False
Is 6710984 a multiple of 8?
True
Is 5300880 a multiple of 208?
True
Does 28 divide 181216?
True
Does 225 divide 1232586?
False
Is 53 a factor of 656723?
True
Is 307203 a multiple of 549?
False
Does 43 divide 634422?
True
Does 4 divide 671148?
True
Is 21301 a multiple of 16?
False
Is 6193314 a multiple of 18?
True
Is 289 a factor of 117568?
False
Is 94 a factor of 355790?
True
Is 82498 a multiple of 19?
True
Is 475264 a multiple of 10?
False
Is 39 a factor of 542919?
True
Is 73 a factor of 138919?
True
Does 12 divide 565632?
True
Is 12 a factor of 13602744?
True
Is 4620224 a multiple of 112?
True
Is 21 a factor of 11563188?
True
Does 14 divide 356594?
True
Is 86 a factor of 949612?
True
Does 71 divide 214704?
True
Is 284595 a multiple of 31?
False
Is 3076788 a multiple of 978?
True
Is 560493 a multiple of 27?
True
Is 408402 a multiple of 492?
False
Does 17 divide 6250?
False
Is 75705 a multiple of 35?
True
Does 28 divide 948444?
True
Does 14 divide 7672?
True
Is 23 a factor of 487961?
False
Is 245677 a multiple of 22?
False
Is 9 a factor of 753831?
True
Does 283 divide 2525656?
False
Is 29436 a multiple of 9?
False
Is 2041245 a multiple of 21?
False
Is 72 a factor of 1647000?
True
Is 1203 a factor of 6741612?
True
Does 55 divide 352259?
False
Is 87951 a multiple of 7?
False
Is 5393616 a multiple of 212?
False
Is 4417320 a multiple of 281?
True
Does 24 divide 7352928?
True
Is 104 a factor of 23712?
True
Is 493735 a multiple of 191?
True
Is 43 a factor of 645180?
False
Does 10 divide 11527803?
False
Is 16 a factor of 22553319?
False
Is 4 a factor of 121340?
True
Is 22 a factor of 61816?
False
Does 42 divide 66725?
False
Does 73 divide 311418?
True
Does 567 divide 24861816?
True
Is 110 a factor of 383014?
False
Is 18 a factor of 4753958?
False
Does 72 divide 1401170?
False
Does 145 divide 1071840?
True
Is 145 a factor of 745218?
False
Is 1156314 a multiple of 50?
False
Is 688050 a multiple of 90?
True
Does 270 divide 27788108?
False
Is 385506 a multiple of 27?
True
Is 15 a factor of 214758?
False
Does 216 divide 629424?
True
Is 23396851 a multiple of 883?
True
Does 57 divide 1163099?
False
Is 109684 a multiple of 17?
True
Is 295895 a multiple of 115?
True
Is 35 a factor of 4611124?
False
Is 38 a factor of 48108?
True
Does 13 divide 465186?
False
Is 5430504 a multiple of 12?
True
Is 3758277 even?
False
Is 4315838 a multiple of 21?
False
Does 20 divide 132060?
True
Is 30607214 a multiple of 38?
True
Is 402867 a multiple of 3?
True
Does 8 divide 114488?
True
Is 10786800 a multiple of 808?
True
Is 16 a factor of 71024?
True
Is 70 a factor of 69300?
True
Is 807736 a multiple of 31?
True
Does 259 divide 303515?
False
Is 4 a factor of 5624?
True
Is 13 a factor of 3683108?
True
Is 428 a factor of 1665583?
False
Does 95 divide 6539342?
False
Does 223 divide 13826?
True
Is 66 a factor of 78325?
False
Is 63 a factor of 4278887?
False
Does 19 divide 205523?
True
Does 116 divide 37816?
True
Is 208 a factor of 7222363?
False
Does 42 divide 12300036?
True
Does 9 divide 60300?
True
Is 2 a factor of 9657?
False
Does 10 divide 90560?
True
Is 18342976 a multiple of 16?
True
Is 160222 a multiple of 5?
False
Is 2335048 a multiple of 272?
False
Is 6 a factor of 304346?
False
Does 237 divide 47874?
True
Is 134 a factor of 1013844?
True
Does 73 divide 63767?
False
Is 569 a factor of 10256726?
False
Does 7 divide 139171?
False
Is 71 a factor of 1812417?
True
Does 136 divide 11436097?
False
Is 41 a factor of 260022?
True
Is 77 a factor of 91091?
True
Is 8251817 a multiple of 483?
False
Is 43 a factor of 932292?
False
Is 233 a factor of 183371?
True
Is 463554 a multiple of 39?
True
Is 5 a factor of 88248?
False
Is 26108 a multiple of 24?
False
Is 59124 a multiple of 78?
True
Does 85 divide 856125?
False
Does 393 divide 1402363?
False
Does 76 divide 486552?
True
Does 83 divide 841507?
False
Does 51 divide 33698?
False
Is 1406960 a multiple of 209?
False
Is 138 a factor of 97566?
True
Is 99 a factor of 4907306?
False
Is 80 a factor of 102000?
True
Is 25505732 a multiple of 29?
True
Is 4797623 a multiple of 11?
False
Does 24 divide 93345?
False
Does 12 divide 5648?
False
Does 48 divide 193505?
False
Is 4533707 a multiple of 331?
True
Does 269 divide 383708?
False
Is 186030 a multiple of 165?
False
Is 138334 a multiple of 82?
True
Does 41 divide 289216?
False
Does 53 divide 1609172?
False
Does 16 divide 4200?
False
Is 31 a factor of 19964?
True
Is 1213570 a multiple of 18?
False
Is 7 a factor of 48708?
False
Is 160 a factor of 4547669?
False
Is 129 a factor of 2232876?
False
Is 481318 a multiple of 13?
False
Is 113207 a multiple of 40?
False
Is 12768003 a multiple of 33?
False
Is 861386 a multiple of 16?
False
Does 60 divide 92760?
True
Does 1282 divide 14385322?
True
Is 28 a factor of 3772735?
False
Does 96 divide 3159648?
True
Does 10 divide 5316553?
False
Is 8 a factor of 240006?
False
Does 10 divide 1302567?
False
Is 365 a factor of 29200?
True
Does 809 divide 12379318?
True
Is 148623 a multiple of 107?
True
Is 79 a factor of 973675?
True
Is 42 a factor of 658827?
False
Does 8 divide 1046948?
False
Is 906115 a multiple of 17?
False
Is 1430154 a multiple of 198?
True
Is 4713696 a multiple of 18?
True
Does 4 divide 9848?
True
Is 13882644 a multiple of 72?
False
Is 474 a factor of 1084512?
True
Does 14 divide 99586?
False
Is 358450 a multiple of 50?
True
Is 53205 a multiple of 7?
False
Does 15 divide 1837924?
False
Is 10 a factor of 3167172?
False
Is 36 a factor of 141843?
False
Does 145 divide 24360?
True
Does 141 divide 72333?
True
Is 118528 a multiple of 32?
True
Is 6532885 a multiple of 4?
False
Does 22 divide 138729?
False
Does 86 divide 3131432?
True
Is 44 a factor of 387464?
True
Is 7206395 a multiple of 259?
False
Is 23 a factor of 646542?
False
Does 38 divide 385130?
True
Is 2588941 a multiple of 24?
False
Does 16 divide 244408?
False
Is 117 a factor of 202059?
True
Does 171 divide 9859689?
True
Is 66 a factor of 3737844?
True
Is 2685111 a multiple of 59?
False
Does 53 divide 2856594?
True
Is 2 a factor of 1839?
False
Does 406 divide 2117290?
True
Is 701569 a multiple of 135